{"id":152,"date":"2026-03-11T13:01:21","date_gmt":"2026-03-11T13:01:21","guid":{"rendered":"https:\/\/www.velkacenaframaru.cz\/?page_id=152"},"modified":"2026-03-11T13:12:55","modified_gmt":"2026-03-11T13:12:55","slug":"archiv-vitezu","status":"publish","type":"page","link":"https:\/\/www.velkacenaframaru.cz\/?page_id=152&lang=cs","title":{"rendered":"P\u0159ehled v\u00edt\u011bz\u016f Grand Prix Framaru"},"content":{"rendered":"\t\t<div data-elementor-type=\"wp-page\" data-elementor-id=\"152\" class=\"elementor elementor-152\">\n\t\t\t\t<div class=\"elementor-element elementor-element-fb5731e e-flex e-con-boxed e-con e-parent\" data-id=\"fb5731e\" data-element_type=\"container\" data-e-type=\"container\">\n\t\t\t\t\t<div class=\"e-con-inner\">\n\t\t\t\t<div class=\"elementor-element elementor-element-66a2a283 elementor-widget elementor-widget-heading\" data-id=\"66a2a283\" data-element_type=\"widget\" data-e-type=\"widget\" data-widget_type=\"heading.default\">\n\t\t\t\t\t<h1 class=\"elementor-heading-title elementor-size-default\">P\u0159ehled v\u00edt\u011bz\u016f Grand Prix Framaru<\/h1>\t\t\t\t<\/div>\n\t\t\t\t\t<\/div>\n\t\t\t\t<\/div>\n\t\t<div class=\"elementor-element elementor-element-4cbf75c e-flex e-con-boxed e-con e-parent\" data-id=\"4cbf75c\" data-element_type=\"container\" data-e-type=\"container\">\n\t\t\t\t\t<div class=\"e-con-inner\">\n\t\t\t\t<div class=\"elementor-element elementor-element-4769c81 elementor-widget elementor-widget-text-editor\" data-id=\"4769c81\" data-element_type=\"widget\" data-e-type=\"widget\" data-widget_type=\"text-editor.default\">\n\t\t\t\t\t\t\t\t\t<p>1. 1938 Emanuel K\u0159\u00ed\u017e a Vil\u00e9m Jakl<br \/>2. 1939 Josef Kon\u00e1rek<br \/>3. 1940 Josef Kon\u00e1rek<br \/>4. 1941 Josef Kon\u00e1rek<br \/>5. 1942 Vladim\u00edr Vojt\u011bchovsk\u00fd<br \/>6. 1943 Vladim\u00edr Vojt\u011bchovsk\u00fd<br \/>7. 1944 Vladim\u00edr \u010capek<br \/>8. 1945 Jaroslav Cihl\u00e1\u0159<br \/>9. 1946 Jaroslav Cihl\u00e1\u0159<br \/>10. 1947 Jaroslav Cihl\u00e1\u0159<br \/>11. 1948 Zden\u011bk \u0160t\u011bp\u00e1nek<br \/>12. 1949 Zden\u011bk \u0160t\u011bp\u00e1nek<br \/>13. 1950 V\u00e1clav Machek<br \/>14. 1951 Jaroslav Cihl\u00e1\u0159<br \/>15. 1952 Ladislav Fou\u010dek<br \/>16. 1953 Ladislav Fou\u010dek<br \/>17. 1954 Ladislav Fou\u010dek<br \/>18. 1955 Ladislav Fou\u010dek<br \/>19. 1956 Ladislav Fou\u010dek<br \/>20. 1957 Zden\u011bk \u010cern\u00fd<br \/>21. 1958 Juraj Miklu\u0161ica<br \/>22. 1959 Zden\u011bk \u010cern\u00fd<br \/>23. 1960 Jan Lambrechts (Belgie)<br \/>24. 1961 Zbygniew Zajac (Polsko)<br \/>25. 1962 Anton\u00edn Stan\u011bk<br \/>26. 1963 Ivan Ku\u010d\u00edrek<br \/>27. 1964 Bruno Gonzato (It\u00e1lie)<br \/>28. 1965 Ji\u0159\u00ed Prave\u010dek<br \/>29. 1966 Jan Kola\u0159\u00edk<br \/>30. 1967 Stanislav Volf<br \/>31. 1969 Ivan Ku\u010d\u00edrek<br \/>32. 1970 Ivan Ku\u010d\u00edrek<br \/>33. 1971 Ivan Ku\u010d\u00edrek<br \/>34. 1972 Miroslav Vymazal<br \/>35. 1973 Vladim\u00edr Popelka<br \/>36. 1974 Daniel Morelon (Francie)<br \/>37. 1975 Miroslav Vymazal<br \/>38. 1976 Ivan Ku\u010d\u00edrek<br \/>39. 1977 Anton Tk\u00e1\u010d<br \/>40. 1978 Ivan Ku\u010d\u00edrek<br \/>41. 1979 Yave Cahard (Francie)<br \/>42. 1980 Freddy Schmidtke (NSR)<br \/>43. 1981 V\u00e1clav Nov\u00e1k<br \/>44. 1982 Detlef Uibel (NDR)<br \/>45. 1983 Vratislav \u0160ustr<br \/>46. 1984 Michael H\u00fcbner (NDR)<br \/>47. 1985 Michael Schulze (NDR)<br \/>48. 1986 Vratislav \u0160ustr<br \/>49. 1988 Michael Schulze (NDR)<br \/>50. 1989 Vratislav \u0160ustr<br \/>51. 1990 Markus Nagel (N\u011bmecko)<br \/>52. 1991 Peter Mal\u00ed\u010dek<br \/>53. 1993 Lubo\u0161 Harga\u0161<br \/>54. 1996 Pavel Bur\u00e1\u0148<br \/>55. 1997 Ivan Vrba<br \/>56. 1998 Ivan Vrba<br \/>57. 1999 Ivan Vrba<br \/>58. 2000 Pavel Bur\u00e1\u0148<br \/>59. 2001 Jaroslav Je\u0159\u00e1bek (Slovensko)<br \/>60. 2002 Peter Bazal\u00edk (Slovensko)<br \/>61. 2003 Jaroslav Je\u0159\u00e1bek (Slovensko)<br \/>62. 2004 Pavel Bur\u00e1\u0148<br \/>63. 2005 Alois Ka\u0148kovsk\u00fd<br \/>64. 2006 Mark French (Austr\u00e1lie)<br \/>65. 2007 Matthias John (N\u011bmecko)<br \/>66. 2008 Matthias John (N\u011bmecko)<br \/>67. 2009 \u0160imon Ad\u00e1mek<br \/>68. 2010 David Rais<br \/>69. 2011 Jakub V\u00fdvoda<br \/>70. 2012 Ji\u0159\u00ed Jano\u0161ek<br \/>71. 2013 Ji\u0159\u00ed Fanta<br \/>72. 2014 Ji\u0159\u00ed Jano\u0161ek<br \/>73. 2015 Tom\u00e1\u0161 \u010capek<br \/>74. 2016 Tom\u00e1\u0161 B\u00e1bek<br \/>75. 2017 Martin \u010cechman<br \/>76. 2018 Tom\u00e1\u0161 B\u00e1bek<br \/>77. 2019 Nien Hsing Hsieh (Tchaj-wan)<br \/>78. 2020 Jakub \u0160\u0165astn\u00fd<br \/>79. 2021 David Peterka<br \/>80. 2022 Moritz Malcharek (N\u011bmecko)<br \/>81. 2023 Mattia Pedromo (It\u00e1lie)<br \/>82. 2024 Kevin Quintero (Kolumbie)<br \/>83. 2025 Maximilian D\u00f6rnbach (N\u011bmecko)<\/p><p>Nejv\u00edce v\u00edt\u011bzstv\u00ed<br \/>6 \u2013 Ku\u010d\u00edrek<br \/>5 \u2013 Fou\u010dek<br \/>4 \u2013 Cihl\u00e1\u0159<br \/>3 &#8211; Kon\u00e1rek, \u0160ustr, Vrba, Bur\u00e1\u0148<br \/>2 \u2013 Vojt\u011bchovsk\u00fd, \u0160t\u011bp\u00e1nek, \u010cern\u00fd, Vymazal, Schulze, Je\u0159\u00e1bek, John, B\u00e1bek<\/p>\t\t\t\t\t\t\t\t<\/div>\n\t\t\t\t\t<\/div>\n\t\t\t\t<\/div>\n\t\t\t\t<\/div>\n\t\t","protected":false},"excerpt":{"rendered":"<p>P\u0159ehled v\u00edt\u011bz\u016f Grand Prix Framaru 1. 1938 Emanuel K\u0159\u00ed\u017e a Vil\u00e9m Jakl2. 1939 Josef Kon\u00e1rek3. 1940 Josef Kon\u00e1rek4. 1941 Josef Kon\u00e1rek5. 1942 Vladim\u00edr Vojt\u011bchovsk\u00fd6. 1943 Vladim\u00edr Vojt\u011bchovsk\u00fd7. 1944 Vladim\u00edr \u010capek8. 1945 Jaroslav Cihl\u00e1\u01599. 1946 Jaroslav Cihl\u00e1\u015910. 1947 Jaroslav Cihl\u00e1\u015911. 1948 Zden\u011bk \u0160t\u011bp\u00e1nek12. 1949 Zden\u011bk \u0160t\u011bp\u00e1nek13. 1950 V\u00e1clav Machek14. 1951 Jaroslav Cihl\u00e1\u015915. 1952 Ladislav Fou\u010dek16. 1953 [&hellip;]<\/p>\n","protected":false},"author":1,"featured_media":0,"parent":0,"menu_order":0,"comment_status":"closed","ping_status":"closed","template":"","meta":{"footnotes":""},"class_list":["post-152","page","type-page","status-publish","hentry","entry"],"yoast_head":"<!-- This site is optimized with the Yoast SEO plugin v27.1.1 - https:\/\/yoast.com\/product\/yoast-seo-wordpress\/ -->\n<title>P\u0159ehled v\u00edt\u011bz\u016f Grand Prix Framaru - GP Framar<\/title>\n<meta name=\"robots\" content=\"index, follow, max-snippet:-1, max-image-preview:large, max-video-preview:-1\" \/>\n<link rel=\"canonical\" href=\"https:\/\/www.velkacenaframaru.cz\/?page_id=152&lang=cs\" \/>\n<meta property=\"og:locale\" content=\"cs_CZ\" \/>\n<meta property=\"og:type\" content=\"article\" \/>\n<meta property=\"og:title\" content=\"P\u0159ehled v\u00edt\u011bz\u016f Grand Prix Framaru - GP Framar\" \/>\n<meta property=\"og:description\" content=\"P\u0159ehled v\u00edt\u011bz\u016f Grand Prix Framaru 1. 1938 Emanuel K\u0159\u00ed\u017e a Vil\u00e9m Jakl2. 1939 Josef Kon\u00e1rek3. 1940 Josef Kon\u00e1rek4. 1941 Josef Kon\u00e1rek5. 1942 Vladim\u00edr Vojt\u011bchovsk\u00fd6. 1943 Vladim\u00edr Vojt\u011bchovsk\u00fd7. 1944 Vladim\u00edr \u010capek8. 1945 Jaroslav Cihl\u00e1\u01599. 1946 Jaroslav Cihl\u00e1\u015910. 1947 Jaroslav Cihl\u00e1\u015911. 1948 Zden\u011bk \u0160t\u011bp\u00e1nek12. 1949 Zden\u011bk \u0160t\u011bp\u00e1nek13. 1950 V\u00e1clav Machek14. 1951 Jaroslav Cihl\u00e1\u015915. 1952 Ladislav Fou\u010dek16. 1953 [&hellip;]\" \/>\n<meta property=\"og:url\" content=\"https:\/\/www.velkacenaframaru.cz\/?page_id=152&amp;lang=cs\" \/>\n<meta property=\"og:site_name\" content=\"GP Framar\" \/>\n<meta property=\"article:modified_time\" content=\"2026-03-11T13:12:55+00:00\" \/>\n<meta name=\"twitter:card\" content=\"summary_large_image\" \/>\n<meta name=\"twitter:label1\" content=\"Odhadovan\u00e1 doba \u010dten\u00ed\" \/>\n\t<meta name=\"twitter:data1\" content=\"3 minuty\" \/>\n<script type=\"application\/ld+json\" class=\"yoast-schema-graph\">{\"@context\":\"https:\/\/schema.org\",\"@graph\":[{\"@type\":\"WebPage\",\"@id\":\"https:\/\/www.velkacenaframaru.cz\/?page_id=152&lang=cs\",\"url\":\"https:\/\/www.velkacenaframaru.cz\/?page_id=152&lang=cs\",\"name\":\"P\u0159ehled v\u00edt\u011bz\u016f Grand Prix Framaru - GP Framar\",\"isPartOf\":{\"@id\":\"https:\/\/www.velkacenaframaru.cz\/#website\"},\"datePublished\":\"2026-03-11T13:01:21+00:00\",\"dateModified\":\"2026-03-11T13:12:55+00:00\",\"breadcrumb\":{\"@id\":\"https:\/\/www.velkacenaframaru.cz\/?page_id=152&lang=cs#breadcrumb\"},\"inLanguage\":\"cs\",\"potentialAction\":[{\"@type\":\"ReadAction\",\"target\":[\"https:\/\/www.velkacenaframaru.cz\/?page_id=152&lang=cs\"]}]},{\"@type\":\"BreadcrumbList\",\"@id\":\"https:\/\/www.velkacenaframaru.cz\/?page_id=152&lang=cs#breadcrumb\",\"itemListElement\":[{\"@type\":\"ListItem\",\"position\":1,\"name\":\"Dom\u016f\",\"item\":\"https:\/\/www.velkacenaframaru.cz\/?page_id=29&lang=cs\"},{\"@type\":\"ListItem\",\"position\":2,\"name\":\"P\u0159ehled v\u00edt\u011bz\u016f Grand Prix Framaru\"}]},{\"@type\":\"WebSite\",\"@id\":\"https:\/\/www.velkacenaframaru.cz\/#website\",\"url\":\"https:\/\/www.velkacenaframaru.cz\/\",\"name\":\"GP Framar\",\"description\":\"\",\"publisher\":{\"@id\":\"https:\/\/www.velkacenaframaru.cz\/#organization\"},\"potentialAction\":[{\"@type\":\"SearchAction\",\"target\":{\"@type\":\"EntryPoint\",\"urlTemplate\":\"https:\/\/www.velkacenaframaru.cz\/?s={search_term_string}\"},\"query-input\":{\"@type\":\"PropertyValueSpecification\",\"valueRequired\":true,\"valueName\":\"search_term_string\"}}],\"inLanguage\":\"cs\"},{\"@type\":\"Organization\",\"@id\":\"https:\/\/www.velkacenaframaru.cz\/#organization\",\"name\":\"GP Framar\",\"url\":\"https:\/\/www.velkacenaframaru.cz\/\",\"logo\":{\"@type\":\"ImageObject\",\"inLanguage\":\"cs\",\"@id\":\"https:\/\/www.velkacenaframaru.cz\/#\/schema\/logo\/image\/\",\"url\":\"https:\/\/www.velkacenaframaru.cz\/wp-content\/uploads\/2026\/03\/GPF-logo.webp\",\"contentUrl\":\"https:\/\/www.velkacenaframaru.cz\/wp-content\/uploads\/2026\/03\/GPF-logo.webp\",\"width\":1769,\"height\":538,\"caption\":\"GP Framar\"},\"image\":{\"@id\":\"https:\/\/www.velkacenaframaru.cz\/#\/schema\/logo\/image\/\"}}]}<\/script>\n<!-- \/ Yoast SEO plugin. -->","yoast_head_json":{"title":"P\u0159ehled v\u00edt\u011bz\u016f Grand Prix Framaru - GP Framar","robots":{"index":"index","follow":"follow","max-snippet":"max-snippet:-1","max-image-preview":"max-image-preview:large","max-video-preview":"max-video-preview:-1"},"canonical":"https:\/\/www.velkacenaframaru.cz\/?page_id=152&lang=cs","og_locale":"cs_CZ","og_type":"article","og_title":"P\u0159ehled v\u00edt\u011bz\u016f Grand Prix Framaru - GP Framar","og_description":"P\u0159ehled v\u00edt\u011bz\u016f Grand Prix Framaru 1. 1938 Emanuel K\u0159\u00ed\u017e a Vil\u00e9m Jakl2. 1939 Josef Kon\u00e1rek3. 1940 Josef Kon\u00e1rek4. 1941 Josef Kon\u00e1rek5. 1942 Vladim\u00edr Vojt\u011bchovsk\u00fd6. 1943 Vladim\u00edr Vojt\u011bchovsk\u00fd7. 1944 Vladim\u00edr \u010capek8. 1945 Jaroslav Cihl\u00e1\u01599. 1946 Jaroslav Cihl\u00e1\u015910. 1947 Jaroslav Cihl\u00e1\u015911. 1948 Zden\u011bk \u0160t\u011bp\u00e1nek12. 1949 Zden\u011bk \u0160t\u011bp\u00e1nek13. 1950 V\u00e1clav Machek14. 1951 Jaroslav Cihl\u00e1\u015915. 1952 Ladislav Fou\u010dek16. 1953 [&hellip;]","og_url":"https:\/\/www.velkacenaframaru.cz\/?page_id=152&lang=cs","og_site_name":"GP Framar","article_modified_time":"2026-03-11T13:12:55+00:00","twitter_card":"summary_large_image","twitter_misc":{"Odhadovan\u00e1 doba \u010dten\u00ed":"3 minuty"},"schema":{"@context":"https:\/\/schema.org","@graph":[{"@type":"WebPage","@id":"https:\/\/www.velkacenaframaru.cz\/?page_id=152&lang=cs","url":"https:\/\/www.velkacenaframaru.cz\/?page_id=152&lang=cs","name":"P\u0159ehled v\u00edt\u011bz\u016f Grand Prix Framaru - GP Framar","isPartOf":{"@id":"https:\/\/www.velkacenaframaru.cz\/#website"},"datePublished":"2026-03-11T13:01:21+00:00","dateModified":"2026-03-11T13:12:55+00:00","breadcrumb":{"@id":"https:\/\/www.velkacenaframaru.cz\/?page_id=152&lang=cs#breadcrumb"},"inLanguage":"cs","potentialAction":[{"@type":"ReadAction","target":["https:\/\/www.velkacenaframaru.cz\/?page_id=152&lang=cs"]}]},{"@type":"BreadcrumbList","@id":"https:\/\/www.velkacenaframaru.cz\/?page_id=152&lang=cs#breadcrumb","itemListElement":[{"@type":"ListItem","position":1,"name":"Dom\u016f","item":"https:\/\/www.velkacenaframaru.cz\/?page_id=29&lang=cs"},{"@type":"ListItem","position":2,"name":"P\u0159ehled v\u00edt\u011bz\u016f Grand Prix Framaru"}]},{"@type":"WebSite","@id":"https:\/\/www.velkacenaframaru.cz\/#website","url":"https:\/\/www.velkacenaframaru.cz\/","name":"GP Framar","description":"","publisher":{"@id":"https:\/\/www.velkacenaframaru.cz\/#organization"},"potentialAction":[{"@type":"SearchAction","target":{"@type":"EntryPoint","urlTemplate":"https:\/\/www.velkacenaframaru.cz\/?s={search_term_string}"},"query-input":{"@type":"PropertyValueSpecification","valueRequired":true,"valueName":"search_term_string"}}],"inLanguage":"cs"},{"@type":"Organization","@id":"https:\/\/www.velkacenaframaru.cz\/#organization","name":"GP Framar","url":"https:\/\/www.velkacenaframaru.cz\/","logo":{"@type":"ImageObject","inLanguage":"cs","@id":"https:\/\/www.velkacenaframaru.cz\/#\/schema\/logo\/image\/","url":"https:\/\/www.velkacenaframaru.cz\/wp-content\/uploads\/2026\/03\/GPF-logo.webp","contentUrl":"https:\/\/www.velkacenaframaru.cz\/wp-content\/uploads\/2026\/03\/GPF-logo.webp","width":1769,"height":538,"caption":"GP Framar"},"image":{"@id":"https:\/\/www.velkacenaframaru.cz\/#\/schema\/logo\/image\/"}}]}},"_links":{"self":[{"href":"https:\/\/www.velkacenaframaru.cz\/index.php?rest_route=\/wp\/v2\/pages\/152","targetHints":{"allow":["GET"]}}],"collection":[{"href":"https:\/\/www.velkacenaframaru.cz\/index.php?rest_route=\/wp\/v2\/pages"}],"about":[{"href":"https:\/\/www.velkacenaframaru.cz\/index.php?rest_route=\/wp\/v2\/types\/page"}],"author":[{"embeddable":true,"href":"https:\/\/www.velkacenaframaru.cz\/index.php?rest_route=\/wp\/v2\/users\/1"}],"replies":[{"embeddable":true,"href":"https:\/\/www.velkacenaframaru.cz\/index.php?rest_route=%2Fwp%2Fv2%2Fcomments&post=152"}],"version-history":[{"count":8,"href":"https:\/\/www.velkacenaframaru.cz\/index.php?rest_route=\/wp\/v2\/pages\/152\/revisions"}],"predecessor-version":[{"id":161,"href":"https:\/\/www.velkacenaframaru.cz\/index.php?rest_route=\/wp\/v2\/pages\/152\/revisions\/161"}],"wp:attachment":[{"href":"https:\/\/www.velkacenaframaru.cz\/index.php?rest_route=%2Fwp%2Fv2%2Fmedia&parent=152"}],"curies":[{"name":"wp","href":"https:\/\/api.w.org\/{rel}","templated":true}]}}